prime factors of c(5)?
37, 53
Let q = 39 - -1479. List the prime factors of q.
2, 3, 11, 23
Suppose -4*y + 4*g = 88, -2*g + 161 = -5*y + 39. Let v = -31 - y. Let u(m) = 2*m**2 + 2*m - 6. What are the prime factors of u(v)?
2, 17
Suppose v - 3*v + 142 = j, -3*v - 579 = -4*j. Suppose -5*m + 56 = -j. What are the prime factors of m?
2, 5
Let j be (-6 - -10)*(1 + 0). List the prime factors of -12*j*(-2)/12.
2
List the prime factors of (-8)/(-18) - (-343226)/117.
2, 3, 163
Let m = 9 - 12. What are the prime factors of (-2 - 0)*m/(12/148)?
2, 37
What are the prime factors of ((-2)/(-12))/(1/10398)?
1733
Suppose 3*m - 26 = 5*v, 3*m + 0*m - 44 = -4*v. Let p(i) = -i**3 + 14*i**2 - 17*i - 4. What are the prime factors of p(m)?
2, 5
Let y(k) be the second derivative of -k**3/2 - 10*k**2 - 10*k. What are the prime factors of y(-11)?
13
What are the prime factors of 881 + -4 + 3/(-3) + 3?
3, 293
Let i(w) = w**2 + 3. Let g = -44 + 42. What are the prime factors of i(g)?
7
Suppose 7*d - 20*d + 1183 = 0. List the prime factors of d.
7, 13
Let t(a) = -a**3 + 6*a**2 - 5*a - 9. Let n be t(4). List the prime factors of 15 - 14 - (-45 - (n - 2)).
47
Let w = -4585 + 6808. What are the prime factors of w?
3, 13, 19
Let y(d) = -d**2 - 7*d. Let g = -16 - -18. Let r be g + (-8 - (-1 - -1)). List the prime factors of y(r).
2, 3
Let l(m) = 37*m + 3437. What are the prime factors of l(0)?
7, 491
Let c(p) = 9*p**2 + 7*p - 2. Let d be c(5). Suppose -3*t = 36 - d. What are the prime factors of t?
2, 37
Let n be (-10)/1 - (-2 - 1). Let w = 17 + n. Let f(a) = 2*a + 4. List the prime factors of f(w).
2, 3
Let h = -25 + 30. Suppose 3*r - 4*r + 655 = 5*v, 5*r = h*v - 685. List the prime factors of v.
2, 3, 11
Suppose 4*w + 1230 = 2*z, 8*w - 9*w + 1220 = 2*z. List the prime factors of z.
13, 47
Let r(d) = -d**2 + 10*d - 7. Let k = -16 - -23. What are the prime factors of r(k)?
2, 7
Suppose -5*z + 22 = -g - 15, 0 = 4*g + 8. Suppose z*a - 114 = 4*a. List the prime factors of a.
2, 19
Let q(a) = a**3 - 9*a**2 + 17*a - 3. Let h be q(6). Suppose 324 - 4 = -5*y. List the prime factors of y*(45/10)/h.
2
Suppose 5*z + 800 = 145. Let g = -75 - z. Let n = g + -28. What are the prime factors of n?
2, 7
Let x(v) = -4*v. Let b be x(-1). Let t(i) = i + b*i - 6*i + 11. What are the prime factors of t(0)?
11
Suppose 2*l = -t + 59 - 10, 5*t - 252 = -3*l. Let i be ((-10)/3)/((-1)/9). Let q = t - i. What are the prime factors of q?
3, 7
Let o(s) = 3*s - 17 + 4 - 2. Let i be o(0). What are the prime factors of 182/8 + i/20?
2, 11
Let i(x) = -467*x - 53. What are the prime factors of i(-2)?
881
Let g be 1 - 2 - (-4 + -1). Suppose -g*w = -3*n - 187, -2*n = w - 23 - 10. What are the prime factors of w?
43
Let r be 4*((-4)/(-4) - 3). Let b = r - -10. Suppose -o + g = b*o - 114, 2*o = -2*g + 84. What are the prime factors of o?
3, 13
Suppose 73*x - 29*x - 107624 = 0. What are the prime factors of x?
2, 1223
Let x = 1558 + -475. List the prime factors of x.
3, 19
Let q(o) = 62*o**2 - 11*o - 15. List the prime factors of q(-3).
2, 3
What are the prime factors of (-18)/99 - 5834/(-22)?
5, 53
Suppose 2*x + 1924 = -3*o, o + x = -3*o - 2572. List the prime factors of o/(-16) + 3/4.
41
Suppose -4*t + 0*t = -80. Let q = 30 + t. Suppose -2*v + q = 3*v. List the prime factors of v.
2, 5
Suppose 2*n = -0*n + 364. Suppose -3*g = -g - n. Suppose -6*w + 301 - g = 0. List the prime factors of w.
5, 7
Let s = -2595 - -2885. List the prime factors of s.
2, 5, 29
Let x be (3 + 3)*3/6. Suppose -x*m + 100 = -2*m. List the prime factors of m.
2, 5
Let v = -908 - -1377. List the prime factors of v.
7, 67
Suppose -1317 - 831 = -6*f. What are the prime factors of f?
2, 179
Let m(o) = -4*o. Let z be m(-6). Suppose 43 = s - z. List the prime factors of s.
67
Suppose -5*f = o + 3, -3*o + 0*o - 4*f - 53 = 0. Let k = o + 26. Suppose 2*h = -k*h + 20. What are the prime factors of h?
2
Let q(d) = -14*d - 2. Suppose -4*a + 2*l - 36 = 0, -4*l - 3 + 47 = -4*a. List the prime factors of q(a).
2, 3
Let k = 5817 - 3706. List the prime factors of k.
2111
Let i = 331 - 145. Let d = i - 112. What are the prime factors of d?
2, 37
Let k(i) = 5*i**2 - 8*i + 20. Let z(b) = -5*b**2 + 9*b - 21. Let r(h) = 7*k(h) + 6*z(h). List the prime factors of r(-6).
2, 103
Suppose 5*h = 10*h. Suppose -m + h = 2*q - 5, 4*m = -2*q + 26. List the prime factors of 117/m - 8/(-28).
17
Suppose -5*w = -u + 227, 204 + 29 = u - 3*w. Suppose -2 = -2*f, 5*f - 3*f = -5*o + u. Let y = -22 + o. List the prime factors of y.
2, 13
Let y = -28 + 22. Let g be y/3 - 310/(-5). Let i = 1 + g. What are the prime factors of i?
61
Let p(t) = t**2 + 18*t - 11. Let g be p(-19). List the prime factors of 46/((-7)/((-140)/g)).
5, 23
Suppose -3226 = -5*r + 7704. List the prime factors of r.
2, 1093
Let t = 5 + -8. Let v be (t + 1 + 2)/3. Suppose -r + 2 + v = 0. What are the prime factors of r?
2
Let g(q) = -q**2 + q - 4. Let f be g(-2). What are the prime factors of 3/((-18)/(-1275))*(-8)/f?
2, 5, 17
Let o(t) = 12*t + 67. What are the prime factors of o(18)?
283
Suppose 5*y + 468 = 2*k, 0 = -3*y - 2*y. Suppose -4*z = k - 774. What are the prime factors of z?
3, 5
Let g be -1 + 3 - (-2 - -12). Let q = 31 + g. List the prime factors of q.
23
Let w(r) = 2*r**2 + 3*r - 1. Let d be w(3). Let n be (-22)/((-8)/72*-9). Let t = d + n. What are the prime factors of t?
2
What are the prime factors of (53/159)/((-2)/(-12216))?
2, 509
Let c(i) be the first derivative of 7/2*i**2 + i - 5 + 1/3*i**3. What are the prime factors of c(-9)?
19
Let v(s) = -s**2 + 3*s + 9. What are the prime factors of v(0)?
3
Suppose 3*l = 792 - 282. Let p be ((-21)/35)/((-2)/l). Let u = -28 + p. List the prime factors of u.
23
Suppose 0 = -6*v - 2035 + 8731. List the prime factors of v.
2, 3, 31
Let v be 129/12 + (-2)/(-8). Let l = -9 + v. Suppose 5*a + 0*j - 164 = -l*j, -5*j = 15. List the prime factors of a.
2, 17
Let o(g) = g**3 + 14*g**2 + 11*g - 4. Let a be o(-13). Let k = a - 19. What are the prime factors of k?
3
Let m be 5/(15/9) + 0. Let b be (-1)/m - 1304/(-6). Suppose b = -0*j + 7*j. What are the prime factors of j?
31
Suppose -2 = 5*u + 3. Let j be 84/12 - u*1. Suppose -3*x + 14 - j = 0. List the prime factors of x.
2
Suppose 8 = -4*m + 16. Suppose -m*c + 197 = 5*n + 1673, -2214 = 3*c - n. What are the prime factors of 6/(-8) - c/24?
2, 3, 5
Suppose -3*u = -i + 90, 5*u - 15 = 2*u. Let x = i - 29. List the prime factors of x.
2, 19
Let x(n) = n**2 + 4*n**2 + 1 + 12*n**3 - n - 4*n**2. Suppose 4*f = -12*p + 9*p - 17, 0 = -3*p + 2*f + 13. List the prime factors of x(p).
13
Let f(r) = r. Let i(d) = d - 3. Let k(l) = 3*f(l) + 3*i(l). Let t(b) = -b**3 + b**2 - 2. Let c be t(-2). List the prime factors of k(c).
3, 17
Let i be (-272)/(-6) - (20/(-15))/2. Suppose 42*q + 752 = i*q. What are the prime factors of q?
2, 47
Suppose 0 = -5*o - 3*m + 14, 2*o + 0*m - 6 = -m. Suppose o*j = -0*j. Suppose -p + 4*p - 36 = j. List the prime factors of p.
2, 3
Suppose -8 = 15*n - 19*n. Suppose 122 = n*x + 2*g - 46, 5*g + 90 = x. Suppose -518 = -9*a + x. List the prime factors of a.
67
Suppose -u + 6 = 2. Suppose -5*n = -u*b - 40, -5*n + n + 4*b = -28. Suppose -2*g + n = -12. List the prime factors of g.
2, 3
What are the prime factors of 89355/119 - 8/(-68)?
751
What are the prime factors of (-16 - (-5 + -5)) + 1583?
19, 83
Let a(h) be the third derivative of -h**5/60 - h**4/8 + h**3/3 + 5*h**2. Let m be a(-4). List the prime factors of 4 + -3 + 1 - m.
2
Let x be ((-250)/30)/((-2)/30). Let c = x + -48. Let d = 132 - c. List the prime factors of d.
5, 11
Let r be 2 - -1 - (2 - 3). Let c be (r/(-6))/(10/(-60)). Suppose w + c = -0*w, 4*m - 12 = -3*w. List the prime factors of m.
2, 3
Let r(j) = 4*j**2 - j**2 - 9*j + 7 + 0 - j**2. Let o be (-12)/9*(-9)/2. List the prime factors of r(o).
5
Let g(l) = 16*l**2 + l - 81. What are the prime factors of g(11)?
2, 3, 311
Let d = -2 + -1. Let g(k) = k**3 + 10*k**2 + 11*k - 13. Let p(c) = c**3 + 10*c**2 + 11*c - 13. Let w(i) = d*p(i) + 2*g(i). List the prime factors of w(-9).
31
Let x(u) = -u**3 + 6*u**2 - 4*u - 3. Let w be x(5). Let o(v) = -1 - 5*v + 4*v + 9 - w*v. What are the prime factors of o(-9)?
5, 7
Let n(c) = -4 + 14*c**3 - 2*c**2 + 0*c**2 - 1 + 3*c + 4. What are the prime factors of n(